 (t - -43)/3.
3, 5
Suppose 0*g - 80 = -2*g. What are the prime factors of g?
2, 5
Suppose 5*h + 3*a - 131 = 0, -3*h - 3*a = -4*h + 19. What are the prime factors of h?
5
Suppose -g - 2 + 6 = 0, -4*g = -5*w + 9. Suppose 4 = w*q - 3*q. What are the prime factors of q?
2
Suppose -2*y = -5*s - 4*y + 1110, -s = -2*y - 222. List the prime factors of s.
2, 3, 37
Let n(l) = l**3 - 13*l**2 + 12*l + 3. Let p be n(12). Suppose 3*s = p*h + 87, h = 2*s + 2*h - 55. List the prime factors of s.
2, 7
Let o be 1/((-4)/3 - -1). Let w(n) = 3*n**2 + 2 + 2*n - 3*n**2 + 2*n**2. List the prime factors of w(o).
2, 7
Let t = -52 - -30. What are the prime factors of 2/(-3 + t/(-7))?
2, 7
Suppose -s = -k - 96, -5*s + 728 - 256 = -3*k. List the prime factors of s.
2, 23
Suppose 0*a = -2*f + 4*a + 90, 4*a = -5*f + 295. List the prime factors of f.
5, 11
Let f = 1 - 3. Let y = f - -5. What are the prime factors of y?
3
Let z be -1 + (3/(-3) - 2). What are the prime factors of z - -2 - 14/(-1)?
2, 3
Let w(y) = -5*y**3 - 4*y - 6. Let t(k) = -k**3 - k - 1. Let z(c) = -6*t(c) + w(c). Suppose -3*p + 4*p = 2. List the prime factors of z(p).
2, 3
Suppose 94 - 270 = -4*w. What are the prime factors of w?
2, 11
Let x(y) = y**3 + y**2 - 5*y + 7. List the prime factors of x(3).
2, 7
Let g(l) be the first derivative of l**3/3 - l**2 + 3*l - 4. Suppose -5*s + 1 = -9. List the prime factors of g(s).
3
Let b = 66 + 4. What are the prime factors of b?
2, 5, 7
Let h(x) = x**3 - 8*x**2 + x - 6. Let m be h(8). Let t(c) = c**3 - 4*c + 3. Let d be t(m). What are the prime factors of (5 + -2)/(d/2)?
2
Let c be 3 - (-1 - -1 - -3). Suppose 5*x - a + 67 = 0, -x - 3*a - 9 - 14 = c. What are the prime factors of (-270)/(-35) + (-4)/x?
2
Suppose -95 = -2*p - 3. What are the prime factors of p?
2, 23
List the prime factors of (75/4)/((-12)/(-32)).
2, 5
Suppose 5*t + 3*m - 2*m = 21, 0 = -3*t + 3*m + 27. Suppose -t*u = 5 + 5. What are the prime factors of (-3)/u*(-16)/(-6)?
2
Let z be (0 + (-3)/(-6))*4. Suppose 5 = z*v - 9. List the prime factors of v.
7
Let s(i) = -i**2 + 4*i + 3. Let o be s(4). Let p = 25 - o. What are the prime factors of p?
2, 11
Let l = 16 + -32. What are the prime factors of (l/24)/(2/(-78))?
2, 13
Suppose 0 = -f + 13 - 1. Suppose 5 = -i + f. List the prime factors of i.
7
Suppose -4*d + 15 = -13. List the prime factors of (20/4 - 2) + d.
2, 5
Let h = -48 - -75. List the prime factors of h.
3
Suppose -5*c - 2*q = -398 - 570, 4*c - 776 = -2*q. List the prime factors of c.
2, 3
Let a be (6/4)/((-6)/(-32)). Let v be (-508)/(-18) - a/36. Suppose 5*d - 27 = v. List the prime factors of d.
11
List the prime factors of ((-12)/4 - -2)*-45.
3, 5
Let j(t) = 2*t - 4. Let w be j(4). Suppose -w*l = -43 - 89. What are the prime factors of l?
3, 11
Let i(x) = x**3 + 11*x**2 - 14*x - 34. What are the prime factors of i(-11)?
2, 3, 5
Suppose -5*b + 41 = -24. Suppose -3*o + 33 = 4*z, -z + b = o + 2. What are the prime factors of o?
11
Let l = -9 + 11. Suppose 3*z - 4 - l = 0. List the prime factors of z.
2
Suppose 3*m + 5 = 2. Let g(p) = -6*p - 1. List the prime factors of g(m).
5
Suppose 3*k = -2*i + 3 + 5, 5*k + 8 = 2*i. Let q(p) = p**2 + 7 + k*p**2 + 4*p + p**2 - p**2. List the prime factors of q(-5).
2, 3
Let v be (4 + -8)/(0 - 2). Suppose -v*f + 2 + 6 = 0. Let i = f - 0. List the prime factors of i.
2
Suppose 2*t + 27 = 567. List the prime factors of t.
2, 3, 5
Let d(q) = q + 2. Let v be d(0). Suppose -v = 4*j + 22. List the prime factors of ((-2)/j)/(3/54).
2, 3
Let l = 5 + -5. Suppose l = -4*c - c + 70. Suppose 2*k + c = 5*m - 10, m - 4*k = -6. List the prime factors of m.
2, 3
Let y(b) = -12*b + 7. Let c be y(3). Let w = 61 + c. List the prime factors of w.
2
Let h = 10 + -6. Let s(f) = -h*f**2 + 2 + f**3 + 0*f**3 + 8*f**2 + 4*f. What are the prime factors of s(-2)?
2
Suppose -3*y + 11 = -64. List the prime factors of y.
5
Suppose 15 = -6*a + 3*a. Let n(o) = o**2 + 2*o - 1. What are the prime factors of n(a)?
2, 7
Let i(w) = w**3 - 3*w**2 - 4. Let z be i(5). Suppose 0 = d + 4*u - z, 3*d + 0*d - 130 = -4*u. List the prime factors of d.
2, 3, 7
Suppose -10*k = -1125 + 125. List the prime factors of k.
2, 5
Let n = 9 + -11. What are the prime factors of (17 - 6) + n/(-1)?
13
What are the prime factors of (-4)/8*-15*2?
3, 5
Let p(n) = n - 1. Let f be p(1). Suppose -y - 4*d = -41, f = -4*d - d + 10. What are the prime factors of y?
3, 11
Let m(g) = -g**2 + 36. Let o = 8 + -8. Let f be m(o). What are the prime factors of 27/4 + 9/f?
7
Suppose 5*o - s + 14 = -1, -o - 14 = 2*s. Let m = o - -18. What are the prime factors of m?
2, 7
Let i(s) = -s**3 + 6*s**2 + 3*s - 9. Let j = 7 + -1. Let f be i(j). Let r = f - 4. What are the prime factors of r?
5
Suppose 0 = -3*l - 6 - 78. Let f = l + 46. List the prime factors of f.
2, 3
Let f = 27 - -14. What are the prime factors of f?
41
Let h be -52*(2 - 4 - -1). Suppose j - 5*j + h = 0. List the prime factors of j.
13
Let w(v) = 13 + v**2 - 6*v + 0*v - 14 - v. List the prime factors of w(9).
17
Suppose -2*c - 360 = a - 4*a, -a - 5*c + 120 = 0. Let g = -78 + a. List the prime factors of g.
2, 3, 7
Suppose 0*l - 5*g = l - 30, -5*g = 4*l - 60. What are the prime factors of (-3 - -1)*l/(-4)?
5
List the prime factors of 14 - 3/((-3)/2).
2
Let t = -4 + 38. List the prime factors of t.
2, 17
Let h(o) = -5*o + 6. List the prime factors of h(-9).
3, 17
Let s(g) = 20*g**3 + g - 2. List the prime factors of s(2).
2, 5
Let m be ((-2)/(2/(-3)))/3. Let i(w) = 3*w**3. Let p be i(m). What are the prime factors of (-3)/p + 30/3?
3
Let p = 1 - 0. What are the prime factors of -2 + (13 - (-2 + p))?
2, 3
Let b(s) = -s**3 + s**2 + 39. List the prime factors of b(0).
3, 13
Let o be 2/5 - (-52)/20. Let t(x) = -x**3 + 4*x**2 - 3*x. Let c be t(3). Suppose o*p = 4*q + 2, -3*q + 5 = p - c*q. List the prime factors of p.
2
Let r(d) = 23*d - 4. List the prime factors of r(4).
2, 11
Suppose 3*r + 21 = 3*l - 0*r, 0 = -4*l - 4*r + 20. Let d = -18 + l. What are the prime factors of 10/(-25) + d/(-5)?
2
Let y = 202 + -198. List the prime factors of y.
2
Let z(l) be the third derivative of -l**4/24 - l**3/2 + 4*l**2. What are the prime factors of z(-9)?
2, 3
What are the prime factors of ((-36)/15)/6*-90?
2, 3
Let w = -9 - -3. List the prime factors of 1*(-3)/w*62.
31
Let f be -5 - 1*(1 + 0). What are the prime factors of 3/f + 33/2?
2
Let w = 13 - 9. Let f(s) = s**2 - 3*s + 4. Let n be f(w). Suppose n = u + 3*u. What are the prime factors of u?
2
Let o = 9 + 18. What are the prime factors of o?
3
Suppose 2*m + s - 18 = m, m - 2 = -5*s. List the prime factors of m.
2, 11
Suppose -4*t + 12 = -3*t. Suppose 0 = -m - 3*m + t. List the prime factors of m.
3
Suppose -3*l + 228 = 3*l. What are the prime factors of l?
2, 19
Suppose -a + 4*a - 2*v = -159, -3*v - 265 = 5*a. Let n = 75 + a. List the prime factors of n.
2, 11
Let g(l) = l**3 - 5*l**2 - 4*l + 16. List the prime factors of g(7).
2, 43
Let t(y) = -4*y - 6. Suppose 3*b + 13 = 5*l, 5*l = 2*b + 12 - 5. List the prime factors of t(b).
2, 3
Suppose -4*x + 5*r = -5, -5*x + 4*r + 3 = -1. Suppose x = -5*i - 4*b - 926 + 250, 0 = 5*i - 4*b + 684. List the prime factors of i/(-22) - 8/44.
2, 3
Let h = -103 - -124. List the prime factors of h.
3, 7
Let x = 72 + -42. List the prime factors of x.
2, 3, 5
Let m = 7 - 3. Suppose -40 = -m*d - 8. List the prime factors of d.
2
Let l(v) be the third derivative of v**5/60 - v**4/24 - v**3/6 + 3*v**2. What are the prime factors of l(5)?
19
Suppose 5 - 17 = -4*k, -k + 20 = t. List the prime factors of t.
17
List the prime factors of -177*36/(-44) - 4/(-22).
5, 29
Let b(a) = -a. Let h be b(-3). Suppose -177 + 74 = -h*s + 2*z, -3*s = 3*z - 108. List the prime factors of s.
5, 7
Let v = 29 - 13. Suppose k + 5*r = -v, -2*k + 47 = -5*r + 4. List the prime factors of 52/k + (-10)/(-45).
2, 3
What are the prime factors of ((3 - 1)/(-2))/3*-339?
113
Let o = 31 + -19. Let c(p) = p**3 - 11*p**2 - 11*p + 4. What are the prime factors of c(o)?
2
Let u(r) = -r**3 + r + 4. Let z be u(0). Suppose 2*s + f = 3, f - 3 = 3*s - z*s. Suppose s = 3*o + o - 8. What are the prime factors of o?
2
Suppose -14*b = -10*b - 452. What are the prime factors of b?
113
Suppose 7*m - 2*m - 120 = 0. Suppose 4*u = 5*c - m - 33, 24 = 2*c - u. 